9359 is divided by 785.
724
What is the remainder when 3971699 is divided by 143?
17
Calculate the remainder when 98532312 is divided by 47.
8
Calculate the remainder when 673235 is divided by 167939.
1479
Calculate the remainder when 3614626 is divided by 25455.
16
Calculate the remainder when 1315253 is divided by 1577.
35
Calculate the remainder when 4598091 is divided by 170286.
369
Calculate the remainder when 9773370 is divided by 29.
22
Calculate the remainder when 129387525 is divided by 24.
21
Calculate the remainder when 233620 is divided by 998.
88
Calculate the remainder when 143624800 is divided by 78.
46
What is the remainder when 1942618 is divided by 647377?
487
What is the remainder when 66157149 is divided by 29299?
7
Calculate the remainder when 226146 is divided by 15734.
5870
What is the remainder when 15890611 is divided by 492?
487
What is the remainder when 33558 is divided by 83?
26
What is the remainder when 386023 is divided by 258?
55
What is the remainder when 392089 is divided by 191?
157
What is the remainder when 5986471 is divided by 19?
8
What is the remainder when 15504327 is divided by 596320?
7
What is the remainder when 9498951 is divided by 7456?
7
What is the remainder when 2617929 is divided by 872621?
66
Calculate the remainder when 1682819 is divided by 2299.
2250
What is the remainder when 290357 is divided by 328?
77
Calculate the remainder when 273428 is divided by 217.
8
Calculate the remainder when 2785980 is divided by 557192.
20
What is the remainder when 1923437 is divided by 384684?
17
Calculate the remainder when 340563 is divided by 22703.
18
Calculate the remainder when 18499229 is divided by 804.
797
Calculate the remainder when 3638836 is divided by 2369.
52
Calculate the remainder when 44665230 is divided by 22332611.
8
What is the remainder when 3471562 is divided by 3182?
0
What is the remainder when 557056 is divided by 732?
4
What is the remainder when 21539957 is divided by 193?
192
What is the remainder when 531951 is divided by 530447?
1504
What is the remainder when 43159463 is divided by 1281?
11
What is the remainder when 3668026 is divided by 3520?
186
Calculate the remainder when 105423 is divided by 1069.
661
What is the remainder when 267667 is divided by 69?
16
What is the remainder when 113775 is divided by 1815?
1245
Calculate the remainder when 35980083 is divided by 11993353.
24
Calculate the remainder when 76434098 is divided by 707723.
14
What is the remainder when 373754 is divided by 5336?
234
What is the remainder when 126239 is divided by 126?
113
Calculate the remainder when 567569 is divided by 74.
63
What is the remainder when 2551814 is divided by 255180?
14
What is the remainder when 18488 is divided by 8785?
918
What is the remainder when 261087 is divided by 183?
129
Calculate the remainder when 782646345 is divided by 852.
849
What is the remainder when 134622 is divided by 67293?
36
What is the remainder when 49033138 is divided by 78?
76
What is the remainder when 224726 is divided by 14974?
116
Calculate the remainder when 29125 is divided by 61.
28
What is the remainder when 2375171 is divided by 26?
19
Calculate the remainder when 71093429 is divided by 2947.
1
Calculate the remainder when 5260193 is divided by 783.
782
Calculate the remainder when 5662213 is divided by 130.
63
What is the remainder when 260993 is divided by 260655?
338
Calculate the remainder when 2163172 is divided by 127241.
75
Calculate the remainder when 1193499 is divided by 226.
219
Calculate the remainder when 1654611 is divided by 117.
114
What is the remainder when 62347 is divided by 20267?
1546
Calculate the remainder when 25319 is divided by 8258.
545
What is the remainder when 29313915 is divided by 8316?
15
What is the remainder when 545998 is divided by 240?
238
Calculate the remainder when 13084909 is divided by 1090405.
49
What is the remainder when 9340578 is divided by 207568?
18
Calculate the remainder when 135514759 is divided by 5.
4
Calculate the remainder when 933542 is divided by 256.
166
Calculate the remainder when 1601021 is divided by 228563.
1080
Calculate the remainder when 2955591 is divided by 3082.
3035
What is the remainder when 216007 is divided by 1771?
1716
Calculate the remainder when 4508348 is divided by 51820.
8
Calculate the remainder when 506977 is divided by 271.
207
Calculate the remainder when 23078019 is divided by 106.
17
Calculate the remainder when 374558 is divided by 255.
218
What is the remainder when 1211806 is divided by 605783?
240
What is the remainder when 291614399 is divided by 10?
9
What is the remainder when 1075123 is divided by 358287?
262
What is the remainder when 1152273 is divided by 192016?
177
Calculate the remainder when 1089658 is divided by 361387.
5497
What is the remainder when 3319931 is divided by 41?
38
What is the remainder when 31615290 is divided by 810648?
18
What is the remainder when 514650 is divided by 10091?
9
Calculate the remainder when 447899 is divided by 3419.
10
What is the remainder when 15693923 is divided by 870?
863
What is the remainder when 4605547 is divided by 10212?
10147
Calculate the remainder when 143018 is divided by 3782.
3084
Calculate the remainder when 3263181 is divided by 835.
1
What is the remainder when 741397 is divided by 14?
13
What is the remainder when 1607516 is divided by 22?
20
Calculate the remainder when 4700748 is divided by 489.
480
Calculate the remainder when 8025 is divided by 344.
113
Calculate the remainder when 636198063 is divided by 2993.
2990
Calculate the remainder when 407818063 is divided by 9946782.
1
Calculate the remainder when 140619 is divided by 126.
3
Calculate the remainder when 2300348 is divided by 13.
11
What is the remainder when 11047105 is divided by 6?
1
Calculate the remainder when 8755 is divided by 866.
95
Calculate the remainder when 61900377 is divided by 18.
15
What is the remainder when 3387766 is divided by 5344?
5014
What is the remainder when 358680 is divided by 5198?
18
What is the remainder when 13122 is divided by 604?
438
Calculate the remainder when 129710 is divided by 64795.
120
What is the remainder when 979696 is divided by 6280?
16
What is the remainder when 78214 is divided by 1296?
454
What is the remainder when 968600 is divided by 155?
5
Calculate the remainder when 235275 is divided by 2939.
155
What is the remainder when 27195914 is divided by 1298?
218
What is the remainder when 80926 is divided by 176?
142
Calculate the remainder when 63430447 is divided by 21143482.
1
What is the remainder when 9590277 is divided by 217959?
81
Calculate the remainder when 18878032 is divided by 47.
12
Calculate the remainder when 343733 is divided by 1848.
5
What is the remainder when 8351779 is divided by 642443?
20
Calculate the remainder when 16361 is divided by 45.
26
What is the remainder when 12087792 is divided by 223848?
0
What is the remainder when 13259 is divided by 1008?
155
What is the remainder when 787743 is divided by 66?
33
What is the remainder when 104987917 is divided by 379?
369
What is the remainder when 2223059 is divided by 251?
203
What is the remainder when 1857134 is divided by 185712?
14
Calculate the remainder when 9233683 is divided by 43.
35
Calculate the remainder when 952194 is divided by 687.
12
Calculate the remainder when 2647854 is divided by 575.
554
What is the remainder when 3708734 is divided by 101?
14
What is the remainder when 445521 is divided by 12686?
1511
What is the remainder when 106563 is divided by 17530?
1383
Calculate the remainder when 229083 is divided by 4874.
5
Calculate the remainder when 443280 is divided by 110653.
668
What is the remainder when 8767546 is divided by 8767534?
12
Calculate the remainder when 11588894 is divided by 1859.
1747
Calculate the remainder when 303947 is divided by 101155.
482
Calculate the remainder when 213163 is divided by 2343.
2293
Calculate the remainder when 3111967 is divided by 11698.
299
What is the remainder when 92878 is divided by 29381?
4735
Calculate the remainder when 41312 is divided by 4616.
4384
Calculate the remainder when 364703 is divided by 267.
248
Calculate the remainder when 5522 is divided by 478.
264
